{"id":7536,"date":"2025-05-09T23:56:32","date_gmt":"2025-05-09T20:56:32","guid":{"rendered":"http:\/\/ormafood.com\/?post_type=product&#038;p=7536"},"modified":"2025-07-11T14:55:07","modified_gmt":"2025-07-11T11:55:07","slug":"nar-suyu","status":"publish","type":"product","link":"https:\/\/ormafood.com\/index.php\/urun\/nar-suyu\/","title":{"rendered":"Nar Suyu"},"content":{"rendered":"\t\t<div data-elementor-type=\"section\" data-elementor-id=\"7508\" class=\"elementor elementor-7508\">\n\t\t\t<div class=\"elementor-element elementor-element-55999823 e-flex e-con-boxed kitify-col-width-auto-no ignore-docs-style-no kitify-disable-relative-no e-root-container elementor-top-section e-con e-parent\" data-id=\"55999823\" data-element_type=\"container\">\n\t\t\t\t\t<div class=\"e-con-inner\">\n\t\t\t\t<div class=\"elementor-element elementor-element-bcf3723 elementor-widget elementor-widget-text-editor\" data-id=\"bcf3723\" data-element_type=\"widget\" data-widget_type=\"text-editor.default\">\n\t\t\t\t<div class=\"elementor-widget-container\">\n\t\t\t\t\t\t\t\t\t<p>Meyve Suyu \u00d6z\u00fct\u00fc<\/p><p><strong>\u0130\u00e7indekiler:<\/strong> S\u0131k\u0131lm\u0131\u015f Nar suyu.<\/p><p><strong>Gramaj:<\/strong> 2 litre<\/p><p><strong>U.S. FDA Registration No:<\/strong> 12299971818<\/p>\t\t\t\t\t\t\t\t<\/div>\n\t\t\t\t<\/div>\n\t\t\t\t<div class=\"elementor-element elementor-element-460a541 elementor-widget elementor-widget-text-editor\" data-id=\"460a541\" data-element_type=\"widget\" data-widget_type=\"text-editor.default\">\n\t\t\t\t<div class=\"elementor-widget-container\">\n\t\t\t\t\t\t\t\t\t<p><img decoding=\"async\" class=\"alignnone size-full wp-image-7480\" src=\"http:\/\/ormafood.com\/wp-content\/uploads\/2023\/10\/icon-6lt.png\" alt=\"\" width=\"190\" height=\"120\" \/> <img decoding=\"async\" class=\"alignnone size-full wp-image-7481\" src=\"http:\/\/ormafood.com\/wp-content\/uploads\/2023\/10\/icon-evyapimi.png\" alt=\"\" width=\"190\" height=\"120\" \/><\/p>\t\t\t\t\t\t\t\t<\/div>\n\t\t\t\t<\/div>\n\t\t\t\t\t<\/div>\n\t\t\t\t<\/div>\n\t\t<div class=\"elementor-element elementor-element-3b0d4782 e-grid e-con-boxed kitify-col-width-auto-no ignore-docs-style-no kitify-disable-relative-no e-root-container elementor-top-section e-con e-parent\" data-id=\"3b0d4782\" data-element_type=\"container\">\n\t\t\t\t\t<div class=\"e-con-inner\">\n\t\t\t\t<div class=\"elementor-element elementor-element-ff1823c elementor-widget elementor-widget-text-editor\" data-id=\"ff1823c\" data-element_type=\"widget\" data-widget_type=\"text-editor.default\">\n\t\t\t\t<div class=\"elementor-widget-container\">\n\t\t\t\t\t\t\t\t\t<p><strong>UYARILAR<\/strong><\/p><ul><li><p>Alkols\u00fcz i\u00e7ecekler tebli\u011fine uygun olarak \u00fcretilmi\u015ftir.<\/p><\/li><li><p>+4 derecede suland\u0131rd\u0131ktan sonra 5 g\u00fcn i\u00e7erisinde t\u00fcketilmelidir.<\/p><\/li><li><p>-18 derecede g\u00fcne\u015f g\u00f6rmeyen ve serin yerde saklay\u0131n\u0131z.<\/p><\/li><\/ul>\t\t\t\t\t\t\t\t<\/div>\n\t\t\t\t<\/div>\n\t\t<div class=\"elementor-element elementor-element-79395086 e-grid e-con-full kitify-col-width-auto-no ignore-docs-style-no kitify-disable-relative-no e-con e-child\" data-id=\"79395086\" data-element_type=\"container\">\n\t\t\t\t<div class=\"elementor-element elementor-element-56a316cf elementor-widget elementor-widget-text-editor\" data-id=\"56a316cf\" data-element_type=\"widget\" data-widget_type=\"text-editor.default\">\n\t\t\t\t<div class=\"elementor-widget-container\">\n\t\t\t\t\t\t\t\t\t<p style=\"text-align: right;\"><strong>ENERJ\u0130 ve BES\u0130N \u00d6\u011eELER\u0130<\/strong><\/p><p style=\"text-align: right;\">Enerji (ki\/kcal)<br \/>Karbonhidrat (gr)<br \/>Protein (gr)<br \/>Ya\u011f (gr)<\/p>\t\t\t\t\t\t\t\t<\/div>\n\t\t\t\t<\/div>\n\t\t\t\t<div class=\"elementor-element elementor-element-7cab034 elementor-widget elementor-widget-text-editor\" data-id=\"7cab034\" data-element_type=\"widget\" data-widget_type=\"text-editor.default\">\n\t\t\t\t<div class=\"elementor-widget-container\">\n\t\t\t\t\t\t\t\t\t<p><strong>100 gr i\u00e7in<\/strong><\/p><p>54<br \/>13,1<br \/>0,34<br \/>0,1<\/p>\t\t\t\t\t\t\t\t<\/div>\n\t\t\t\t<\/div>\n\t\t\t\t<\/div>\n\t\t\t\t\t<\/div>\n\t\t\t\t<\/div>\n\t\t\t\t<\/div>\n\t\t\n","protected":false},"excerpt":{"rendered":"<p>Orma Nar Suyu; %100 s\u0131k\u0131lm\u0131\u015f nar\u0131n yo\u011fun lezzeti ve do\u011fal antioksidan g\u00fcc\u00fcyle, katk\u0131s\u0131z ve saf i\u00e7eri\u011fiyle sa\u011fl\u0131kl\u0131 ya\u015fam\u0131n vazge\u00e7ilmezlerinden biridir.<\/p>\n","protected":false},"featured_media":7496,"comment_status":"open","ping_status":"closed","template":"","meta":[],"product_brand":[],"product_cat":[43],"product_tag":[98,99],"class_list":{"0":"post-7536","1":"product","2":"type-product","3":"status-publish","4":"has-post-thumbnail","6":"product_cat-meyve-suyu","7":"product_tag-nar","8":"product_tag-nar-suyu","10":"first","11":"instock","12":"taxable","13":"shipping-taxable","14":"purchasable","15":"product-type-simple"},"_links":{"self":[{"href":"https:\/\/ormafood.com\/index.php\/wp-json\/wp\/v2\/product\/7536","targetHints":{"allow":["GET"]}}],"collection":[{"href":"https:\/\/ormafood.com\/index.php\/wp-json\/wp\/v2\/product"}],"about":[{"href":"https:\/\/ormafood.com\/index.php\/wp-json\/wp\/v2\/types\/product"}],"replies":[{"embeddable":true,"href":"https:\/\/ormafood.com\/index.php\/wp-json\/wp\/v2\/comments?post=7536"}],"wp:featuredmedia":[{"embeddable":true,"href":"https:\/\/ormafood.com\/index.php\/wp-json\/wp\/v2\/media\/7496"}],"wp:attachment":[{"href":"https:\/\/ormafood.com\/index.php\/wp-json\/wp\/v2\/media?parent=7536"}],"wp:term":[{"taxonomy":"product_brand","embeddable":true,"href":"https:\/\/ormafood.com\/index.php\/wp-json\/wp\/v2\/product_brand?post=7536"},{"taxonomy":"product_cat","embeddable":true,"href":"https:\/\/ormafood.com\/index.php\/wp-json\/wp\/v2\/product_cat?post=7536"},{"taxonomy":"product_tag","embeddable":true,"href":"https:\/\/ormafood.com\/index.php\/wp-json\/wp\/v2\/product_tag?post=7536"}],"curies":[{"name":"wp","href":"https:\/\/api.w.org\/{rel}","templated":true}]}}