{"id":7490,"date":"2025-05-09T23:15:23","date_gmt":"2025-05-09T20:15:23","guid":{"rendered":"http:\/\/ormafood.com\/?post_type=product&#038;p=7490"},"modified":"2026-01-07T04:29:10","modified_gmt":"2026-01-07T01:29:10","slug":"limonata","status":"publish","type":"product","link":"https:\/\/ormafood.com\/index.php\/urun\/limonata\/","title":{"rendered":"Limonata"},"content":{"rendered":"\t\t<div data-elementor-type=\"section\" data-elementor-id=\"7499\" class=\"elementor elementor-7499\">\n\t\t\t<div class=\"elementor-element elementor-element-5919c324 e-flex e-con-boxed kitify-col-width-auto-no ignore-docs-style-no kitify-disable-relative-no e-root-container elementor-top-section e-con e-parent\" data-id=\"5919c324\" data-element_type=\"container\">\n\t\t\t\t\t<div class=\"e-con-inner\">\n\t\t\t\t<div class=\"elementor-element elementor-element-5fc9618d elementor-widget elementor-widget-text-editor\" data-id=\"5fc9618d\" data-element_type=\"widget\" data-widget_type=\"text-editor.default\">\n\t\t\t\t<div class=\"elementor-widget-container\">\n\t\t\t\t\t\t\t\t\t<p>Meyve Suyu \u00d6z\u00fct\u00fc<\/p><p><strong>\u0130\u00e7indekiler:<\/strong> Limon Suyu, Portakal Suyu, \u015eeker.<\/p><p><strong>Gramaj:<\/strong> 2 litre<\/p><p><strong>U.S. FDA Registration No:<\/strong> 12299971818<\/p>\t\t\t\t\t\t\t\t<\/div>\n\t\t\t\t<\/div>\n\t\t\t\t<div class=\"elementor-element elementor-element-574c1306 elementor-widget elementor-widget-text-editor\" data-id=\"574c1306\" data-element_type=\"widget\" data-widget_type=\"text-editor.default\">\n\t\t\t\t<div class=\"elementor-widget-container\">\n\t\t\t\t\t\t\t\t\t<p><img decoding=\"async\" class=\"alignnone size-full wp-image-7480\" src=\"http:\/\/ormafood.com\/wp-content\/uploads\/2023\/10\/icon-6lt.png\" alt=\"\" width=\"190\" height=\"120\" \/> <img decoding=\"async\" class=\"alignnone size-full wp-image-7481\" src=\"http:\/\/ormafood.com\/wp-content\/uploads\/2023\/10\/icon-evyapimi.png\" alt=\"\" width=\"190\" height=\"120\" \/><\/p>\t\t\t\t\t\t\t\t<\/div>\n\t\t\t\t<\/div>\n\t\t\t\t\t<\/div>\n\t\t\t\t<\/div>\n\t\t<div class=\"elementor-element elementor-element-19e96deb e-grid e-con-boxed kitify-col-width-auto-no ignore-docs-style-no kitify-disable-relative-no e-root-container elementor-top-section e-con e-parent\" data-id=\"19e96deb\" data-element_type=\"container\">\n\t\t\t\t\t<div class=\"e-con-inner\">\n\t\t\t\t<div class=\"elementor-element elementor-element-152a94c5 elementor-widget elementor-widget-text-editor\" data-id=\"152a94c5\" data-element_type=\"widget\" data-widget_type=\"text-editor.default\">\n\t\t\t\t<div class=\"elementor-widget-container\">\n\t\t\t\t\t\t\t\t\t<p><strong>UYARILAR<\/strong><\/p><ul><li><p>Alkols\u00fcz i\u00e7ecekler tebli\u011fine uygun olarak \u00fcretilmi\u015ftir.<\/p><\/li><li><p>+4 derecede suland\u0131rd\u0131ktan sonra 5 g\u00fcn i\u00e7erisinde t\u00fcketilmelidir.<\/p><\/li><li><p>-18 derecede g\u00fcne\u015f g\u00f6rmeyen ve serin yerde saklay\u0131n\u0131z.<\/p><\/li><\/ul>\t\t\t\t\t\t\t\t<\/div>\n\t\t\t\t<\/div>\n\t\t<div class=\"elementor-element elementor-element-18da1ffa e-grid e-con-full kitify-col-width-auto-no ignore-docs-style-no kitify-disable-relative-no e-con e-child\" data-id=\"18da1ffa\" data-element_type=\"container\">\n\t\t\t\t<div class=\"elementor-element elementor-element-79f92258 elementor-widget elementor-widget-text-editor\" data-id=\"79f92258\" data-element_type=\"widget\" data-widget_type=\"text-editor.default\">\n\t\t\t\t<div class=\"elementor-widget-container\">\n\t\t\t\t\t\t\t\t\t<p style=\"text-align: right;\"><strong>ENERJ\u0130 ve BES\u0130N \u00d6\u011eELER\u0130<\/strong><\/p><p style=\"text-align: right;\">Enerji (ki\/kcal)<br \/>\u015eeker (gr)<br \/>Ya\u011f (gr)<br \/>Karbonhidrat (gr)<br \/>Protein (gr)<br \/>Doymu\u015f Ya\u011f (gr)<br \/>Tuz (mg)<\/p>\t\t\t\t\t\t\t\t<\/div>\n\t\t\t\t<\/div>\n\t\t\t\t<div class=\"elementor-element elementor-element-d02c156 elementor-widget elementor-widget-text-editor\" data-id=\"d02c156\" data-element_type=\"widget\" data-widget_type=\"text-editor.default\">\n\t\t\t\t<div class=\"elementor-widget-container\">\n\t\t\t\t\t\t\t\t\t<p><strong>100 gr i\u00e7in<\/strong><\/p><p>55<br \/>9,8<br \/>0.14<br \/>12<br \/>0,4<br \/>0,08<br \/>0,0<\/p>\t\t\t\t\t\t\t\t<\/div>\n\t\t\t\t<\/div>\n\t\t\t\t<\/div>\n\t\t\t\t\t<\/div>\n\t\t\t\t<\/div>\n\t\t\t\t<\/div>\n\t\t\n","protected":false},"excerpt":{"rendered":"<p>Orma Limonata; limonun ferahlat\u0131c\u0131 asiditesiyle, \u015feker ilavesiz do\u011fall\u0131\u011f\u0131n bulu\u015ftu\u011fu, ev yap\u0131m\u0131 lezzeti and\u0131ran katk\u0131s\u0131z bir i\u00e7ecek deneyimi sunar.<\/p>\n","protected":false},"featured_media":7493,"comment_status":"open","ping_status":"closed","template":"","meta":[],"product_brand":[],"product_cat":[43],"product_tag":[94],"class_list":{"0":"post-7490","1":"product","2":"type-product","3":"status-publish","4":"has-post-thumbnail","6":"product_cat-meyve-suyu","7":"product_tag-limonata","9":"first","10":"instock","11":"taxable","12":"shipping-taxable","13":"purchasable","14":"product-type-simple"},"_links":{"self":[{"href":"https:\/\/ormafood.com\/index.php\/wp-json\/wp\/v2\/product\/7490","targetHints":{"allow":["GET"]}}],"collection":[{"href":"https:\/\/ormafood.com\/index.php\/wp-json\/wp\/v2\/product"}],"about":[{"href":"https:\/\/ormafood.com\/index.php\/wp-json\/wp\/v2\/types\/product"}],"replies":[{"embeddable":true,"href":"https:\/\/ormafood.com\/index.php\/wp-json\/wp\/v2\/comments?post=7490"}],"wp:featuredmedia":[{"embeddable":true,"href":"https:\/\/ormafood.com\/index.php\/wp-json\/wp\/v2\/media\/7493"}],"wp:attachment":[{"href":"https:\/\/ormafood.com\/index.php\/wp-json\/wp\/v2\/media?parent=7490"}],"wp:term":[{"taxonomy":"product_brand","embeddable":true,"href":"https:\/\/ormafood.com\/index.php\/wp-json\/wp\/v2\/product_brand?post=7490"},{"taxonomy":"product_cat","embeddable":true,"href":"https:\/\/ormafood.com\/index.php\/wp-json\/wp\/v2\/product_cat?post=7490"},{"taxonomy":"product_tag","embeddable":true,"href":"https:\/\/ormafood.com\/index.php\/wp-json\/wp\/v2\/product_tag?post=7490"}],"curies":[{"name":"wp","href":"https:\/\/api.w.org\/{rel}","templated":true}]}}